{"id":2437,"date":"2024-09-21T14:39:20","date_gmt":"2024-09-21T12:39:20","guid":{"rendered":"https:\/\/los8sentidos.com\/?page_id=2437"},"modified":"2024-09-22T18:21:15","modified_gmt":"2024-09-22T16:21:15","slug":"hallacas","status":"publish","type":"page","link":"https:\/\/los8sentidos.com\/index.php\/hallacas\/","title":{"rendered":"HALLACAS (TALLER EN MADRID, NOV 2024)"},"content":{"rendered":"\n<figure class=\"wp-block-embed is-type-video is-provider-youtube wp-block-embed-youtube wp-embed-aspect-16-9 wp-has-aspect-ratio\"><div class=\"wp-block-embed__wrapper\">\n<iframe title=\"Taller de hallacas en Madrid (Noviembre 2024)\" width=\"500\" height=\"281\" src=\"https:\/\/www.youtube.com\/embed\/6swNemhz1WU?feature=oembed\" frameborder=\"0\" allow=\"accelerometer; autoplay; clipboard-write; encrypted-media; gyroscope; picture-in-picture; web-share\" referrerpolicy=\"strict-origin-when-cross-origin\" allowfullscreen><\/iframe>\n<\/div><\/figure>\n\n\n\n<div class=\"wp-block-buttons is-content-justification-center is-layout-flex wp-container-core-buttons-is-layout-a89b3969 wp-block-buttons-is-layout-flex\">\n<div class=\"wp-block-button\"><a class=\"wp-block-button__link wp-element-button\" href=\"https:\/\/los8sentidos.com\/index.php\/producto\/hallaca\/\" target=\"_blank\" rel=\"noreferrer noopener\"><strong>PAGO E INSCRIPCI\u00d3N<\/strong><\/a><\/div>\n<\/div>\n\n\n\n<p><strong>FECHAS<\/strong>: Tres fechas para escoger (15, 16 o 17 de noviembre)<\/p>\n\n\n\n<p><strong>LUGAR<\/strong>: Sede de Cachilista (Calle Fernando Poo 19, 28045, Madrid Centro, Vida F\u00e1cil Market.<\/p>\n\n\n\n<p><strong>DURACI\u00d3N<\/strong>: 4 a 5 horas (De 10am a 3pm)<\/p>\n\n\n\n<p><strong>MODALIDAD<\/strong>: Participativo (Todos aprendemos y hacemos cada etapa), con muchos tips de como hacerla tanto dom\u00e9sticamente como para vender.<\/p>\n\n\n\n<p><strong>ESTILO DE LA HALLACA<\/strong>: Caraque\u00f1a.<\/p>\n\n\n\n<p><strong>INCLUYE<\/strong>: Vino, bebidas y media hora de reposo para degustar abrebocas cortes\u00eda de Cachilista. Cada participante se llevar\u00e1 adem\u00e1s a casa dos hallacas.<\/p>\n\n\n\n<p><strong>CUPO<\/strong>: 13 personas cada d\u00eda.<\/p>\n\n\n\n<p><strong>COSTO<\/strong>: 75 \u20ac por persona. <a href=\"https:\/\/los8sentidos.com\/index.php\/producto\/hallaca\/\" target=\"_blank\" rel=\"noreferrer noopener\"><strong>PAGAR AQU\u00cd<\/strong><\/a><\/p>\n\n\n\n<p><strong>CONTACTO<\/strong>: Contactando a Sylvia Sacchettoni a <a href=\"mailto:navidadencasaconsumito@gmail.com\" target=\"_blank\" rel=\"noreferrer noopener\">navidadencasaconsumito@gmail.com<\/a><\/p>\n\n\n\n<p><\/p>\n\n\n\n<p><\/p>\n\n\n\n<p class=\"has-text-align-center\"><strong>WORKSHOP MAGISTRAL DE HALLACA EN MADRID CON SUMITO EST\u00c9VEZ<\/strong><\/p>\n\n\n\n<p>Mi hija Jazm\u00edn se fue a vivir a Argentina cuando ten\u00eda 12 a\u00f1os. Cuando lleg\u00f3 la primera navidad se reuni\u00f3 un grupo a hacer hallacas. All\u00ed hab\u00eda argentinos, espa\u00f1oles y colombianos que hab\u00edan vivido en Venezuela y ten\u00edan nostalgia. Cuando lleg\u00f3 el momento de doblar las hojas hubo dudas y en ese momento se escuch\u00f3 la voz de mi hija que dec\u00eda \u201cyo les explico, mi Pap\u00e1 me ense\u00f1\u00f3\u201d.<\/p>\n\n\n\n<p>Esa historia que me acompa\u00f1a siempre cobra vigencia 17 a\u00f1os despu\u00e9s. Ya ella es adulta y no volvi\u00f3 a vivir en Venezuela, pero fui yo, su pap\u00e1, quien le ense\u00f1\u00f3 a comer hallaca y eso nos acompa\u00f1a cada diciembre. Aprendamos a hacer bien hallaca para ense\u00f1arle a nuestros hijos de la di\u00e1spora. Aprendamos a hacer bien hallaca para que cada diciembre sea puente y convocatoria con los vecinos.<\/p>\n\n\n\n<p>As\u00ed como en a\u00f1o nuevo los primeros fuegos artificiales comienzan en Australia y de all\u00ed van recorriendo el mundo, ahora los 24 de diciembre el primer hilo de hallaca se desata en tierras lejanas y como un enorme hilo que nos une se va desatando hora a hora, pa\u00eds por pa\u00eds, hasta darle la vuelta al mundo.<\/p>\n\n\n\n<p>Pero primero hay que aprender a amarrar\u2026 \u00bfMe acompa\u00f1as?<\/p>\n\n\n\n<p>\u00a1Un taller maravilloso en donde estrenaremos juntos la cocina de producci\u00f3n de Cachilista en Madrid!<\/p>\n\n\n\n<p>Sumito Est\u00e9vez<\/p>\n\n\n\n<div class=\"wp-block-jetpack-send-a-message\">\n<div class=\"wp-block-jetpack-whatsapp-button is-color-dark\"><a class=\"whatsapp-block__button\" href=\"https:\/\/api.whatsapp.com\/send?phone=393342263477&amp;text=Hola%2C%0A%0A%C2%A1Que%20bueno%20que%20haremos%20juntos%20Hallacas%20esta%20navidad%20en%20Madrid!%20Escribe%20tu%20duda%20y%20con%20gusto%20te%20responderemos.\" style=\"background-color:#25D366;color:#fff\" target=\"_blank\" rel=\"noopener noreferrer\">\u00bfTIENES DUDAS?<\/a><\/div>\n<\/div>\n","protected":false},"excerpt":{"rendered":"<p>FECHAS: Tres fechas para escoger (15, 16 o 17 de noviembre) LUGAR: Sede de Cachilista (Calle Fernando Poo 19, 28045, Madrid Centro, Vida F\u00e1cil Market. DURACI\u00d3N: 4 a 5 horas [&hellip;]<\/p>\n","protected":false},"author":1,"featured_media":0,"parent":0,"menu_order":0,"comment_status":"closed","ping_status":"closed","template":"","meta":{"_price":"","_stock":"","_tribe_ticket_header":"","_tribe_default_ticket_provider":"","_tribe_ticket_capacity":"0","_ticket_start_date":"","_ticket_end_date":"","_tribe_ticket_show_description":"","_tribe_ticket_show_not_going":false,"_tribe_ticket_use_global_stock":"","_tribe_ticket_global_stock_level":"","_global_stock_mode":"","_global_stock_cap":"","_tribe_rsvp_for_event":"","_tribe_ticket_going_count":"","_tribe_ticket_not_going_count":"","_tribe_tickets_list":"[]","_tribe_ticket_has_attendee_info_fields":false,"_EventAllDay":false,"_EventTimezone":"","_EventStartDate":"","_EventEndDate":"","_EventStartDateUTC":"","_EventEndDateUTC":"","_EventShowMap":false,"_EventShowMapLink":false,"_EventURL":"","_EventCost":"","_EventCostDescription":"","_EventCurrencySymbol":"","_EventCurrencyCode":"","_EventCurrencyPosition":"","_EventDateTimeSeparator":"","_EventTimeRangeSeparator":"","_EventOrganizerID":[],"_EventVenueID":[],"_OrganizerEmail":"","_OrganizerPhone":"","_OrganizerWebsite":"","_VenueAddress":"","_VenueCity":"","_VenueCountry":"","_VenueProvince":"","_VenueState":"","_VenueZip":"","_VenuePhone":"","_VenueURL":"","_VenueStateProvince":"","_VenueLat":"","_VenueLng":"","_VenueShowMap":false,"_VenueShowMapLink":false,"footnotes":"","_tec_slr_enabled":"","_tec_slr_layout":""},"class_list":["post-2437","page","type-page","status-publish","hentry"],"jetpack-related-posts":[],"jetpack_sharing_enabled":true,"ticketed":false,"_links":{"self":[{"href":"https:\/\/los8sentidos.com\/index.php\/wp-json\/wp\/v2\/pages\/2437","targetHints":{"allow":["GET"]}}],"collection":[{"href":"https:\/\/los8sentidos.com\/index.php\/wp-json\/wp\/v2\/pages"}],"about":[{"href":"https:\/\/los8sentidos.com\/index.php\/wp-json\/wp\/v2\/types\/page"}],"author":[{"embeddable":true,"href":"https:\/\/los8sentidos.com\/index.php\/wp-json\/wp\/v2\/users\/1"}],"replies":[{"embeddable":true,"href":"https:\/\/los8sentidos.com\/index.php\/wp-json\/wp\/v2\/comments?post=2437"}],"version-history":[{"count":23,"href":"https:\/\/los8sentidos.com\/index.php\/wp-json\/wp\/v2\/pages\/2437\/revisions"}],"predecessor-version":[{"id":2460,"href":"https:\/\/los8sentidos.com\/index.php\/wp-json\/wp\/v2\/pages\/2437\/revisions\/2460"}],"wp:attachment":[{"href":"https:\/\/los8sentidos.com\/index.php\/wp-json\/wp\/v2\/media?parent=2437"}],"curies":[{"name":"wp","href":"https:\/\/api.w.org\/{rel}","templated":true}]}}