{"id":1398,"date":"2024-01-11T21:13:20","date_gmt":"2024-01-11T20:13:20","guid":{"rendered":"https:\/\/los8sentidos.com\/?page_id=1398"},"modified":"2024-01-31T17:31:20","modified_gmt":"2024-01-31T16:31:20","slug":"testimoniales","status":"publish","type":"page","link":"https:\/\/los8sentidos.com\/index.php\/testimoniales\/","title":{"rendered":"Testimoniales"},"content":{"rendered":"\n<h3 class=\"wp-block-heading\" style=\"margin-top:var(--wp--preset--spacing--50);margin-bottom:var(--wp--preset--spacing--50)\">Esto es lo que opinan nuestros clientes sobre Los8Sentidos&#8230;<\/h3>\n\n\n\n<div class=\"wp-block-group alignfull has-background-background-color has-background has-global-padding is-layout-constrained wp-container-core-group-is-layout-112c6432 wp-block-group-is-layout-constrained\" style=\"min-height:0px;margin-top:0;margin-bottom:0;padding-top:0;padding-right:var(--wp--preset--spacing--50);padding-bottom:var(--wp--preset--spacing--70);padding-left:var(--wp--preset--spacing--50)\">\n<div class=\"wp-block-columns alignwide is-layout-flex wp-container-core-columns-is-layout-28f84493 wp-block-columns-is-layout-flex\">\n<div class=\"wp-block-column is-vertically-aligned-top is-layout-flow wp-block-column-is-layout-flow\">\n<div class=\"wp-block-group has-border-color has-background pb__1 has-global-padding is-content-justification-center is-layout-constrained wp-container-core-group-is-layout-2e36256e wp-block-group-is-layout-constrained\" style=\"border-color:#6d6c8354;border-style:solid;border-width:1px;border-radius:10px;background-color:#ffffffb3;min-height:0%;padding-top:var(--wp--preset--spacing--50);padding-right:0;padding-bottom:var(--wp--preset--spacing--50);padding-left:0\">\n<div class=\"wp-block-group is-nowrap is-layout-flex wp-container-core-group-is-layout-acb48c1c wp-block-group-is-layout-flex\" style=\"padding-right:var(--wp--preset--spacing--50);padding-left:var(--wp--preset--spacing--50)\">\n<figure class=\"wp-block-image size-full is-resized is-style-rounded pr__5\"><img data-recalc-dims=\"1\" fetchpriority=\"high\" decoding=\"async\" width=\"1706\" height=\"2560\" src=\"https:\/\/i0.wp.com\/los8sentidos.com\/wp-content\/uploads\/2024\/01\/Imagen-de-WhatsApp-2024-01-27-a-las-10.55.36_93853a76-scaled.jpg?resize=1706%2C2560&#038;ssl=1\" alt=\"Luis Morillo\" class=\"wp-image-1829\" style=\"aspect-ratio:1;object-fit:cover;width:70px\" srcset=\"https:\/\/i0.wp.com\/los8sentidos.com\/wp-content\/uploads\/2024\/01\/Imagen-de-WhatsApp-2024-01-27-a-las-10.55.36_93853a76-scaled.jpg?w=1706&amp;ssl=1 1706w, https:\/\/i0.wp.com\/los8sentidos.com\/wp-content\/uploads\/2024\/01\/Imagen-de-WhatsApp-2024-01-27-a-las-10.55.36_93853a76-scaled.jpg?resize=768%2C1152&amp;ssl=1 768w, https:\/\/i0.wp.com\/los8sentidos.com\/wp-content\/uploads\/2024\/01\/Imagen-de-WhatsApp-2024-01-27-a-las-10.55.36_93853a76-scaled.jpg?resize=1024%2C1536&amp;ssl=1 1024w, https:\/\/i0.wp.com\/los8sentidos.com\/wp-content\/uploads\/2024\/01\/Imagen-de-WhatsApp-2024-01-27-a-las-10.55.36_93853a76-scaled.jpg?resize=1365%2C2048&amp;ssl=1 1365w, https:\/\/i0.wp.com\/los8sentidos.com\/wp-content\/uploads\/2024\/01\/Imagen-de-WhatsApp-2024-01-27-a-las-10.55.36_93853a76-scaled.jpg?resize=1320%2C1980&amp;ssl=1 1320w, https:\/\/i0.wp.com\/los8sentidos.com\/wp-content\/uploads\/2024\/01\/Imagen-de-WhatsApp-2024-01-27-a-las-10.55.36_93853a76-scaled.jpg?resize=600%2C900&amp;ssl=1 600w\" sizes=\"(max-width: 1000px) 100vw, 1000px\" \/><\/figure>\n\n\n\n<div class=\"wp-block-group is-vertical is-layout-flex wp-container-core-group-is-layout-4b827052 wp-block-group-is-layout-flex\">\n<p><strong><strong>Luis Morillo<\/strong><\/strong><\/p>\n\n\n\n<p class=\"has-small-font-size\">Chef en Restaurante de San Jos\u00e9, Costa Rica.<\/p>\n<\/div>\n<\/div>\n\n\n\n<figure class=\"wp-block-video\" style=\"padding-right:var(--wp--preset--spacing--40);padding-left:var(--wp--preset--spacing--40)\"><video controls poster=\"https:\/\/los8sentidos.com\/wp-content\/uploads\/2024\/01\/Testimonial-6.png\" src=\"https:\/\/WPLos8Sentidos.b-cdn.net\/TestimonialLuisMorillo.MOV\"><\/video><\/figure>\n\n\n\n<p class=\"has-primary-color has-text-color pt__1 pb__1\" style=\"margin-top:1.5rem;margin-bottom:var(--wp--preset--spacing--40);padding-right:var(--wp--preset--spacing--50);padding-left:var(--wp--preset--spacing--50)\">\u2605\u2605\u2605\u2605\u2605<\/p>\n\n\n\n<p style=\"margin-top:0;margin-right:0;margin-bottom:0;margin-left:0;padding-right:var(--wp--preset--spacing--50);padding-left:var(--wp--preset--spacing--50)\">El problema que ten\u00eda antes de entrar al programa era el <strong>liderazgo.<\/strong> Poco a poco, a medida que he avanzado con el programa, encontr\u00e9 ese valor que necesitaba en los <strong>cursos y herramientas<\/strong> que me hicieron crecer como Chef en el hotel\u00bb.<\/p>\n\n\n\n<p style=\"padding-right:var(--wp--preset--spacing--50);padding-left:var(--wp--preset--spacing--50)\"><em>&#8211; Luis Morillo.<\/em><\/p>\n<\/div>\n<\/div>\n\n\n\n<div class=\"wp-block-column is-vertically-aligned-top is-layout-flow wp-block-column-is-layout-flow\">\n<div class=\"wp-block-group has-border-color has-background has-global-padding is-content-justification-center is-layout-constrained wp-container-core-group-is-layout-2e36256e wp-block-group-is-layout-constrained\" style=\"border-color:#6d6c8354;border-style:solid;border-width:1px;border-radius:10px;background-color:#ffffffb3;min-height:0%;padding-top:var(--wp--preset--spacing--50);padding-right:0;padding-bottom:var(--wp--preset--spacing--50);padding-left:0\">\n<div class=\"wp-block-group is-nowrap is-layout-flex wp-container-core-group-is-layout-acb48c1c wp-block-group-is-layout-flex\" style=\"padding-right:var(--wp--preset--spacing--50);padding-left:var(--wp--preset--spacing--50)\">\n<figure class=\"wp-block-image size-full is-resized is-style-rounded pr__5\"><img data-recalc-dims=\"1\" decoding=\"async\" width=\"674\" height=\"720\" src=\"https:\/\/i0.wp.com\/los8sentidos.com\/wp-content\/uploads\/2024\/01\/fulvia.jpg?resize=674%2C720&#038;ssl=1\" alt=\"\" class=\"wp-image-1385\" style=\"aspect-ratio:1;object-fit:cover;width:70px\" srcset=\"https:\/\/i0.wp.com\/los8sentidos.com\/wp-content\/uploads\/2024\/01\/fulvia.jpg?w=674&amp;ssl=1 674w, https:\/\/i0.wp.com\/los8sentidos.com\/wp-content\/uploads\/2024\/01\/fulvia.jpg?resize=600%2C641&amp;ssl=1 600w\" sizes=\"(max-width: 674px) 100vw, 674px\" \/><\/figure>\n\n\n\n<div class=\"wp-block-group is-vertical is-layout-flex wp-container-core-group-is-layout-4b827052 wp-block-group-is-layout-flex\">\n<p><strong>Fulvia Maberti<\/strong><\/p>\n\n\n\n<p class=\"has-small-font-size\">Desarrollo de emprendimiento de postres.<\/p>\n<\/div>\n<\/div>\n\n\n\n<figure class=\"wp-block-video\" style=\"padding-right:var(--wp--preset--spacing--40);padding-left:var(--wp--preset--spacing--40)\"><video controls poster=\"https:\/\/los8sentidos.com\/wp-content\/uploads\/2024\/01\/Testimonial-3.png\" src=\"https:\/\/WPLos8Sentidos.b-cdn.net\/Testimonial%20Fulvia%20Maberti.mp4\"><\/video><\/figure>\n\n\n\n<p class=\"has-primary-color has-text-color\" style=\"margin-top:1.5rem;margin-bottom:var(--wp--preset--spacing--40);padding-right:var(--wp--preset--spacing--50);padding-left:var(--wp--preset--spacing--50)\">\u2605\u2605\u2605\u2605\u2605<\/p>\n\n\n\n<p style=\"margin-top:0;margin-right:0;margin-bottom:0;margin-left:0;padding-right:var(--wp--preset--spacing--50);padding-left:var(--wp--preset--spacing--50)\">Quise unirme a <strong>Los8Sentidos<\/strong> por 3 razones: la primera es que este programa cuenta con una <strong>parte<\/strong> <strong>did\u00e1ctica<\/strong> en forma de videos, que permite poder revisar el contenido si hay alguna duda. La segunda raz\u00f3n es porque tiene <strong>tutor\u00edas personalizadas <\/strong>para hacer consultas y recurrir a expertos y la tercera raz\u00f3n es que el programa da la oportunidad de <strong>ser parte de una comunidad<\/strong> para interactuar con otros y hacer nuevas amistades\u00bb.<\/p>\n\n\n\n<p style=\"padding-right:var(--wp--preset--spacing--50);padding-left:var(--wp--preset--spacing--50)\"><em>&#8211; Fulvia Maberti<\/em>.<\/p>\n<\/div>\n<\/div>\n\n\n\n<div class=\"wp-block-column is-vertically-aligned-top is-layout-flow wp-block-column-is-layout-flow\">\n<div class=\"wp-block-group has-border-color has-background has-global-padding is-content-justification-center is-layout-constrained wp-container-core-group-is-layout-2e36256e wp-block-group-is-layout-constrained\" style=\"border-color:#6d6c8354;border-style:solid;border-width:1px;border-radius:10px;background-color:#ffffffb3;min-height:0%;padding-top:var(--wp--preset--spacing--50);padding-right:0;padding-bottom:var(--wp--preset--spacing--50);padding-left:0\">\n<div class=\"wp-block-group is-nowrap is-layout-flex wp-container-core-group-is-layout-acb48c1c wp-block-group-is-layout-flex\" style=\"padding-right:var(--wp--preset--spacing--50);padding-left:var(--wp--preset--spacing--50)\">\n<figure class=\"wp-block-image size-full is-resized is-style-rounded pr__5\"><img data-recalc-dims=\"1\" decoding=\"async\" width=\"1066\" height=\"1030\" src=\"https:\/\/i0.wp.com\/los8sentidos.com\/wp-content\/uploads\/2024\/01\/alejandro-1.jpg?resize=1066%2C1030&#038;ssl=1\" alt=\"Alejandro Pizzorno\" class=\"wp-image-1944\" style=\"aspect-ratio:1;object-fit:cover;width:70px\" srcset=\"https:\/\/i0.wp.com\/los8sentidos.com\/wp-content\/uploads\/2024\/01\/alejandro-1.jpg?w=1066&amp;ssl=1 1066w, https:\/\/i0.wp.com\/los8sentidos.com\/wp-content\/uploads\/2024\/01\/alejandro-1.jpg?resize=768%2C742&amp;ssl=1 768w, https:\/\/i0.wp.com\/los8sentidos.com\/wp-content\/uploads\/2024\/01\/alejandro-1.jpg?resize=600%2C580&amp;ssl=1 600w\" sizes=\"(max-width: 1000px) 100vw, 1000px\" \/><\/figure>\n\n\n\n<div class=\"wp-block-group is-vertical is-layout-flex wp-container-core-group-is-layout-4b827052 wp-block-group-is-layout-flex\">\n<p><strong><strong>Alejandro Pizzorno<\/strong><\/strong><\/p>\n\n\n\n<p class=\"has-small-font-size\">Chef en Restaurante de Valencia, Espa\u00f1a.<\/p>\n<\/div>\n<\/div>\n\n\n\n<figure class=\"wp-block-video\" style=\"padding-right:var(--wp--preset--spacing--40);padding-left:var(--wp--preset--spacing--40)\"><video controls poster=\"https:\/\/los8sentidos.com\/wp-content\/uploads\/2024\/01\/Testimonial-7.png\" src=\"https:\/\/WPLos8Sentidos.b-cdn.net\/TestimonialAlejandroPizzorno.MOV\"><\/video><\/figure>\n\n\n\n<p class=\"has-primary-color has-text-color\" style=\"margin-top:1.5rem;margin-bottom:var(--wp--preset--spacing--40);padding-right:var(--wp--preset--spacing--50);padding-left:var(--wp--preset--spacing--50)\">\u2605\u2605\u2605\u2605\u2605<\/p>\n\n\n\n<p style=\"margin-top:0;margin-right:0;margin-bottom:0;margin-left:0;padding-right:var(--wp--preset--spacing--50);padding-left:var(--wp--preset--spacing--50)\">\u00abAntes de entrar al programa sent\u00eda que la manera en la que trabajaba no era compatible a los tiempos actuales y necesitaba actualizarme. Escog\u00ed el programa de <strong>Los8Sentidos<\/strong> porque las herramientas que ofrece son compatibles a mis necesidades y porque el formato es flexible y adaptable. En lo que m\u00e1s me ayud\u00f3 el programa fue a ver con claridad <strong>qu\u00e9 quiero hacer<\/strong> y con qu\u00e9 <strong>herramientas<\/strong> lo puedo lograr usando mis habilidades. Mi experiencia con <strong>Los8Sentidos<\/strong> fue s\u00faper enriquecedora. Si volviera atr\u00e1s en el tiempo lo repetir\u00eda sin duda.\u00bb<\/p>\n\n\n\n<p style=\"padding-right:var(--wp--preset--spacing--50);padding-left:var(--wp--preset--spacing--50)\"><em>&#8211; Alejandro Pizzorno.<\/em><\/p>\n<\/div>\n<\/div>\n<\/div>\n<\/div>\n","protected":false},"excerpt":{"rendered":"<p>Esto es lo que opinan nuestros clientes sobre Los8Sentidos&#8230; Luis Morillo Chef en Restaurante de San Jos\u00e9, Costa Rica. \u2605\u2605\u2605\u2605\u2605 El problema que ten\u00eda antes de entrar al programa era [&hellip;]<\/p>\n","protected":false},"author":1,"featured_media":0,"parent":0,"menu_order":0,"comment_status":"closed","ping_status":"closed","template":"","meta":{"_price":"","_stock":"","_tribe_ticket_header":"","_tribe_default_ticket_provider":"","_tribe_ticket_capacity":"0","_ticket_start_date":"","_ticket_end_date":"","_tribe_ticket_show_description":"","_tribe_ticket_show_not_going":false,"_tribe_ticket_use_global_stock":"","_tribe_ticket_global_stock_level":"","_global_stock_mode":"","_global_stock_cap":"","_tribe_rsvp_for_event":"","_tribe_ticket_going_count":"","_tribe_ticket_not_going_count":"","_tribe_tickets_list":"[]","_tribe_ticket_has_attendee_info_fields":false,"_EventAllDay":false,"_EventTimezone":"","_EventStartDate":"","_EventEndDate":"","_EventStartDateUTC":"","_EventEndDateUTC":"","_EventShowMap":false,"_EventShowMapLink":false,"_EventURL":"","_EventCost":"","_EventCostDescription":"","_EventCurrencySymbol":"","_EventCurrencyCode":"","_EventCurrencyPosition":"","_EventDateTimeSeparator":"","_EventTimeRangeSeparator":"","_EventOrganizerID":[],"_EventVenueID":[],"_OrganizerEmail":"","_OrganizerPhone":"","_OrganizerWebsite":"","_VenueAddress":"","_VenueCity":"","_VenueCountry":"","_VenueProvince":"","_VenueState":"","_VenueZip":"","_VenuePhone":"","_VenueURL":"","_VenueStateProvince":"","_VenueLat":"","_VenueLng":"","_VenueShowMap":false,"_VenueShowMapLink":false,"footnotes":"","_tec_slr_enabled":"","_tec_slr_layout":""},"class_list":["post-1398","page","type-page","status-publish","hentry"],"jetpack-related-posts":[],"jetpack_sharing_enabled":true,"ticketed":false,"_links":{"self":[{"href":"https:\/\/los8sentidos.com\/index.php\/wp-json\/wp\/v2\/pages\/1398","targetHints":{"allow":["GET"]}}],"collection":[{"href":"https:\/\/los8sentidos.com\/index.php\/wp-json\/wp\/v2\/pages"}],"about":[{"href":"https:\/\/los8sentidos.com\/index.php\/wp-json\/wp\/v2\/types\/page"}],"author":[{"embeddable":true,"href":"https:\/\/los8sentidos.com\/index.php\/wp-json\/wp\/v2\/users\/1"}],"replies":[{"embeddable":true,"href":"https:\/\/los8sentidos.com\/index.php\/wp-json\/wp\/v2\/comments?post=1398"}],"version-history":[{"count":60,"href":"https:\/\/los8sentidos.com\/index.php\/wp-json\/wp\/v2\/pages\/1398\/revisions"}],"predecessor-version":[{"id":2111,"href":"https:\/\/los8sentidos.com\/index.php\/wp-json\/wp\/v2\/pages\/1398\/revisions\/2111"}],"wp:attachment":[{"href":"https:\/\/los8sentidos.com\/index.php\/wp-json\/wp\/v2\/media?parent=1398"}],"curies":[{"name":"wp","href":"https:\/\/api.w.org\/{rel}","templated":true}]}}